{"id":2708,"date":"2020-09-28T09:17:45","date_gmt":"2020-09-28T09:17:45","guid":{"rendered":"https:\/\/cril54.fr\/?page_id=2708"},"modified":"2026-04-01T20:14:37","modified_gmt":"2026-04-01T20:14:37","slug":"rapports-dactivite","status":"publish","type":"page","link":"https:\/\/cril54.fr\/?page_id=2708","title":{"rendered":"Rapports d&rsquo;activit\u00e9"},"content":{"rendered":"\t\t<div data-elementor-type=\"wp-page\" data-elementor-id=\"2708\" class=\"elementor elementor-2708\" data-elementor-post-type=\"page\">\n\t\t\t\t\t\t<section class=\"elementor-section elementor-top-section elementor-element elementor-element-c748449 elementor-section-boxed elementor-section-height-default elementor-section-height-default\" data-id=\"c748449\" data-element_type=\"section\" data-e-type=\"section\">\n\t\t\t\t\t\t<div class=\"elementor-container elementor-column-gap-default\">\n\t\t\t\t\t<div class=\"elementor-column elementor-col-50 elementor-top-column elementor-element elementor-element-2791517\" data-id=\"2791517\" data-element_type=\"column\" data-e-type=\"column\">\n\t\t\t<div class=\"elementor-widget-wrap elementor-element-populated\">\n\t\t\t\t\t\t<div class=\"elementor-element elementor-element-4a6d975c elementor-invisible elementor-widget elementor-widget-text-editor\" data-id=\"4a6d975c\" data-element_type=\"widget\" data-e-type=\"widget\" data-settings=\"{&quot;_animation&quot;:&quot;fadeIn&quot;}\" data-widget_type=\"text-editor.default\">\n\t\t\t\t<div class=\"elementor-widget-container\">\n\t\t\t\t\t\t\t\t\t<p><strong><a href=\"https:\/\/cril54.fr\/wp-content\/uploads\/2026\/04\/AG-du-01-Avril-2026-Exercice-2025.pdf\">Rapport d&rsquo;activit\u00e9 2026 &#8211; Exercice 2025<\/a><\/strong><\/p>\n<p><strong><a href=\"https:\/\/cril54.fr\/wp-content\/uploads\/2026\/02\/AG-du-27-Mars-2025-Exercice-2024.pdf\">Rapport d&rsquo;activit\u00e9 2025 &#8211; Exercice 2024<\/a><\/strong><\/p>\n<p><strong><a href=\"https:\/\/cril54.fr\/wp-content\/uploads\/2026\/02\/AG-du-12-Avril-2024-Exercice-2023.pdf\">Rapport d&rsquo;activit\u00e9 2024 &#8211; Exercice 2023<\/a><\/strong><\/p>\n<p><strong><a href=\"https:\/\/cril54.fr\/wp-content\/uploads\/2026\/02\/AG-du-14-Avril-2023-Exercice-2022.pdf\">Rapport d&rsquo;activit\u00e9 2023 &#8211; Exercice 2022<\/a><\/strong><\/p>\n<p><strong><a href=\"https:\/\/cril54.fr\/wp-content\/uploads\/2022\/05\/CRIL54_Rapport-Activite-2021_AG-6-mai-2022.pdf\">Rapport d&rsquo;activit\u00e9 2022 &#8211; Exercice 2021<\/a><\/strong><\/p>\n<p><strong><a href=\"https:\/\/cril54.fr\/wp-content\/uploads\/2022\/02\/CRIL54_Rapport_Activite_2020_compressed.pdf\">Rapport d&rsquo;activit\u00e9 2021 &#8211; Exercice 2020<\/a><\/strong><\/p>\n<p><strong><a href=\"https:\/\/cril54.fr\/wp-content\/uploads\/2022\/02\/Rapport-dactivite2020_Exercice2019_compressed.pdf\">Rapport d&rsquo;activit\u00e9 2020 &#8211; Exercice 2019<\/a><\/strong><\/p>\n<p class=\"has-accent-color has-text-color\"><strong><a href=\"\/wp-content\/uploads\/2020\/09\/Rapport-Activite4.pdf\" target=\"_blank\" rel=\"noreferrer noopener\">Rapport d\u2019activit\u00e9 2019 &#8211; Exercice 2018<\/a><\/strong><\/p>\n<p><!-- \/wp:paragraph -->\n\n<!-- wp:paragraph {\"textColor\":\"accent\"} --><\/p>\n<p class=\"has-accent-color has-text-color\"><strong><a href=\"\/wp-content\/uploads\/2020\/09\/CRIL54-rapport-dactivite-2018-exercice-2017.pdf\" target=\"_blank\" rel=\"noreferrer noopener\">Rapport d\u2019activit\u00e9 2018 &#8211; Exercice 2017<\/a><\/strong><\/p>\n<p><!-- \/wp:paragraph -->\n\n<!-- wp:paragraph {\"textColor\":\"accent\"} --><\/p>\n<p class=\"has-accent-color has-text-color\"><strong><a href=\"\/wp-content\/uploads\/2020\/09\/assemblee-generale-2017-cril54.pdf\" target=\"_blank\" rel=\"noreferrer noopener\">Rapport d\u2019activit\u00e9 2017 &#8211; Exercice 2016<\/a><\/strong><\/p>\n<p><!-- \/wp:paragraph -->\n\n<!-- wp:paragraph {\"textColor\":\"accent\"} --><\/p>\n<p class=\"has-accent-color has-text-color\"><strong><a href=\"\/wp-content\/uploads\/2020\/09\/CRIL54-Rapport_dactivite-2016-exercice2015.pdf\" target=\"_blank\" rel=\"noreferrer noopener\">Rapport d\u2019activit\u00e9 2016 &#8211; Exercice 2015<\/a><\/strong><\/p>\n<p><!-- \/wp:paragraph -->\n\n<!-- wp:paragraph {\"textColor\":\"accent\"} --><\/p>\n<p class=\"has-accent-color has-text-color\"><strong><a href=\"\/wp-content\/uploads\/2020\/09\/CRIL54-Rapport-dactivite-2015-exercice-2014.pdf\" target=\"_blank\" rel=\"noreferrer noopener\">Rapport d\u2019activit\u00e9 2015 &#8211; Exercice 2014<\/a><\/strong><\/p>\n<p><!-- \/wp:paragraph -->\n\n<!-- wp:paragraph --><\/p>\n<p><!-- \/wp:paragraph --><\/p>\t\t\t\t\t\t\t\t<\/div>\n\t\t\t\t<\/div>\n\t\t\t\t\t<\/div>\n\t\t<\/div>\n\t\t\t\t<div class=\"elementor-column elementor-col-50 elementor-top-column elementor-element elementor-element-d782a66\" data-id=\"d782a66\" data-element_type=\"column\" data-e-type=\"column\">\n\t\t\t<div class=\"elementor-widget-wrap elementor-element-populated\">\n\t\t\t\t\t\t<div class=\"elementor-element elementor-element-d4220e4 elementor-widget elementor-widget-spacer\" data-id=\"d4220e4\" data-element_type=\"widget\" data-e-type=\"widget\" data-widget_type=\"spacer.default\">\n\t\t\t\t<div class=\"elementor-widget-container\">\n\t\t\t\t\t\t\t<div class=\"elementor-spacer\">\n\t\t\t<div class=\"elementor-spacer-inner\"><\/div>\n\t\t<\/div>\n\t\t\t\t\t\t<\/div>\n\t\t\t\t<\/div>\n\t\t\t\t<div class=\"elementor-element elementor-element-80840ce elementor-invisible elementor-widget elementor-widget-image\" data-id=\"80840ce\" data-element_type=\"widget\" data-e-type=\"widget\" data-settings=\"{&quot;_animation&quot;:&quot;fadeInRight&quot;}\" data-widget_type=\"image.default\">\n\t\t\t\t<div class=\"elementor-widget-container\">\n\t\t\t\t\t\t\t\t\t\t\t\t\t\t\t<img decoding=\"async\" width=\"128\" height=\"128\" src=\"https:\/\/cril54.fr\/wp-content\/uploads\/2020\/09\/seo-report.png\" class=\"attachment-large size-large wp-image-2814\" alt=\"\" \/>\t\t\t\t\t\t\t\t\t\t\t\t\t\t\t<\/div>\n\t\t\t\t<\/div>\n\t\t\t\t\t<\/div>\n\t\t<\/div>\n\t\t\t\t\t<\/div>\n\t\t<\/section>\n\t\t\t\t<\/div>\n\t\t","protected":false},"excerpt":{"rendered":"<p>Rapport d&rsquo;activit\u00e9 2026 &#8211; Exercice 2025 Rapport d&rsquo;activit\u00e9 2025 &#8211; Exercice 2024 Rapport d&rsquo;activit\u00e9 2024 &#8211; Exercice 2023 Rapport d&rsquo;activit\u00e9 2023 &#8211; Exercice 2022 Rapport d&rsquo;activit\u00e9 2022 &#8211; Exercice 2021 Rapport d&rsquo;activit\u00e9 2021 &#8211; Exercice 2020 Rapport d&rsquo;activit\u00e9 2020 &#8211; Exercice 2019 Rapport d\u2019activit\u00e9 2019 &#8211; Exercice 2018 Rapport d\u2019activit\u00e9 2018 &#8211; Exercice 2017 Rapport&hellip;<\/p>\n","protected":false},"author":7,"featured_media":0,"parent":0,"menu_order":6,"comment_status":"closed","ping_status":"closed","template":"","meta":{"footnotes":""},"class_list":["post-2708","page","type-page","status-publish","hentry"],"_links":{"self":[{"href":"https:\/\/cril54.fr\/index.php?rest_route=\/wp\/v2\/pages\/2708","targetHints":{"allow":["GET"]}}],"collection":[{"href":"https:\/\/cril54.fr\/index.php?rest_route=\/wp\/v2\/pages"}],"about":[{"href":"https:\/\/cril54.fr\/index.php?rest_route=\/wp\/v2\/types\/page"}],"author":[{"embeddable":true,"href":"https:\/\/cril54.fr\/index.php?rest_route=\/wp\/v2\/users\/7"}],"replies":[{"embeddable":true,"href":"https:\/\/cril54.fr\/index.php?rest_route=%2Fwp%2Fv2%2Fcomments&post=2708"}],"version-history":[{"count":21,"href":"https:\/\/cril54.fr\/index.php?rest_route=\/wp\/v2\/pages\/2708\/revisions"}],"predecessor-version":[{"id":4433,"href":"https:\/\/cril54.fr\/index.php?rest_route=\/wp\/v2\/pages\/2708\/revisions\/4433"}],"wp:attachment":[{"href":"https:\/\/cril54.fr\/index.php?rest_route=%2Fwp%2Fv2%2Fmedia&parent=2708"}],"curies":[{"name":"wp","href":"https:\/\/api.w.org\/{rel}","templated":true}]}}