{"id":1207,"date":"2018-11-16T16:11:39","date_gmt":"2018-11-16T16:11:39","guid":{"rendered":"https:\/\/the7.io\/g-business\/?page_id=1207"},"modified":"2026-02-19T11:14:54","modified_gmt":"2026-02-19T11:14:54","slug":"illettrisme","status":"publish","type":"page","link":"https:\/\/cril54.fr\/?page_id=1207","title":{"rendered":"L&rsquo;illettrisme ?"},"content":{"rendered":"\t\t<div data-elementor-type=\"wp-page\" data-elementor-id=\"1207\" class=\"elementor elementor-1207\" data-elementor-post-type=\"page\">\n\t\t\t\t\t\t<section class=\"elementor-section elementor-top-section elementor-element elementor-element-4156694 elementor-section-boxed elementor-section-height-default elementor-section-height-default\" data-id=\"4156694\" data-element_type=\"section\" data-e-type=\"section\">\n\t\t\t\t\t\t<div class=\"elementor-container elementor-column-gap-default\">\n\t\t\t\t\t<div class=\"elementor-column elementor-col-100 elementor-top-column elementor-element elementor-element-e13c28a\" data-id=\"e13c28a\" data-element_type=\"column\" data-e-type=\"column\">\n\t\t\t<div class=\"elementor-widget-wrap elementor-element-populated\">\n\t\t\t\t\t\t<div class=\"elementor-element elementor-element-e29ec15 elementor-widget elementor-widget-heading\" data-id=\"e29ec15\" data-element_type=\"widget\" data-e-type=\"widget\" data-widget_type=\"heading.default\">\n\t\t\t\t<div class=\"elementor-widget-container\">\n\t\t\t\t\t<h2 class=\"elementor-heading-title elementor-size-default\">D\u00e9finition : \u00eatre en situation d'illettrisme<\/h2>\t\t\t\t<\/div>\n\t\t\t\t<\/div>\n\t\t\t\t<div class=\"elementor-element elementor-element-810e5a9 elementor-widget elementor-widget-text-editor\" data-id=\"810e5a9\" data-element_type=\"widget\" data-e-type=\"widget\" data-widget_type=\"text-editor.default\">\n\t\t\t\t<div class=\"elementor-widget-container\">\n\t\t\t\t\t\t\t\t\t<p>C\u2019est ne pas disposer, malgr\u00e9 une scolarisation en langue fran\u00e7aise, des comp\u00e9tences de base (lecture, \u00e9criture, calcul\u2026) suffisantes pour faire face de mani\u00e8re autonome \u00e0 des situations de la vie courante comme :<\/p>\t\t\t\t\t\t\t\t<\/div>\n\t\t\t\t<\/div>\n\t\t\t\t\t<\/div>\n\t\t<\/div>\n\t\t\t\t\t<\/div>\n\t\t<\/section>\n\t\t\t\t<section class=\"elementor-section elementor-top-section elementor-element elementor-element-e3d4bf3 elementor-section-boxed elementor-section-height-default elementor-section-height-default\" data-id=\"e3d4bf3\" data-element_type=\"section\" data-e-type=\"section\">\n\t\t\t\t\t\t<div class=\"elementor-container elementor-column-gap-default\">\n\t\t\t\t\t<div class=\"elementor-column elementor-col-50 elementor-top-column elementor-element elementor-element-1e8fe1c\" data-id=\"1e8fe1c\" data-element_type=\"column\" data-e-type=\"column\">\n\t\t\t<div class=\"elementor-widget-wrap elementor-element-populated\">\n\t\t\t\t\t\t<div class=\"elementor-element elementor-element-f12ad1d elementor-widget elementor-widget-text-editor\" data-id=\"f12ad1d\" data-element_type=\"widget\" data-e-type=\"widget\" data-widget_type=\"text-editor.default\">\n\t\t\t\t<div class=\"elementor-widget-container\">\n\t\t\t\t\t\t\t\t\t<ul>\n<li>se d\u00e9placer ou circuler,<\/li>\n<li>faire ses courses,<\/li>\n<li>compl\u00e9ter un formulaire d&rsquo;identit\u00e9,<\/li>\n<li>lire une notice de m\u00e9dicament,<\/li>\n<li>comprendre une consigne de travail ou de s\u00e9curit\u00e9,<\/li>\n<li>remplir un ch\u00e8que,<\/li>\n<li>lire le cahier de correspondance de son enfant,<\/li>\n<\/ul>\t\t\t\t\t\t\t\t<\/div>\n\t\t\t\t<\/div>\n\t\t\t\t\t<\/div>\n\t\t<\/div>\n\t\t\t\t<div class=\"elementor-column elementor-col-50 elementor-top-column elementor-element elementor-element-410ac57\" data-id=\"410ac57\" data-element_type=\"column\" data-e-type=\"column\">\n\t\t\t<div class=\"elementor-widget-wrap elementor-element-populated\">\n\t\t\t\t\t\t<div class=\"elementor-element elementor-element-3a928ed elementor-widget elementor-widget-text-editor\" data-id=\"3a928ed\" data-element_type=\"widget\" data-e-type=\"widget\" data-widget_type=\"text-editor.default\">\n\t\t\t\t<div class=\"elementor-widget-container\">\n\t\t\t\t\t\t\t\t\t<ul>\n<li>retirer de l\u2019argent \u00e0 un distributeur automatique,<\/li>\n<li>faire un calcul simple,<\/li>\n<li>calculer des quantit\u00e9s ou faire un dosage,<\/li>\n<li>lire un horaire de bus ou un planning de travail,<\/li>\n<li>faire des d\u00e9marches administratives en ligne,<\/li>\n<li>&#8230;<\/li>\n<\/ul>\t\t\t\t\t\t\t\t<\/div>\n\t\t\t\t<\/div>\n\t\t\t\t\t<\/div>\n\t\t<\/div>\n\t\t\t\t\t<\/div>\n\t\t<\/section>\n\t\t\t\t<section class=\"elementor-section elementor-top-section elementor-element elementor-element-0b5fa0a elementor-section-boxed elementor-section-height-default elementor-section-height-default\" data-id=\"0b5fa0a\" data-element_type=\"section\" data-e-type=\"section\">\n\t\t\t\t\t\t<div class=\"elementor-container elementor-column-gap-default\">\n\t\t\t\t\t<div class=\"elementor-column elementor-col-100 elementor-top-column elementor-element elementor-element-6ea06e8\" data-id=\"6ea06e8\" data-element_type=\"column\" data-e-type=\"column\">\n\t\t\t<div class=\"elementor-widget-wrap elementor-element-populated\">\n\t\t\t\t\t\t<div class=\"elementor-element elementor-element-a6a48e3 elementor-widget elementor-widget-video\" data-id=\"a6a48e3\" data-element_type=\"widget\" data-e-type=\"widget\" data-settings=\"{&quot;youtube_url&quot;:&quot;https:\\\/\\\/youtu.be\\\/tBzrZ-9GT5Y&quot;,&quot;video_type&quot;:&quot;youtube&quot;,&quot;controls&quot;:&quot;yes&quot;}\" data-widget_type=\"video.default\">\n\t\t\t\t<div class=\"elementor-widget-container\">\n\t\t\t\t\t\t\t<div class=\"elementor-wrapper elementor-open-inline\">\n\t\t\t<div class=\"elementor-video\"><\/div>\t\t<\/div>\n\t\t\t\t\t\t<\/div>\n\t\t\t\t<\/div>\n\t\t\t\t\t<\/div>\n\t\t<\/div>\n\t\t\t\t\t<\/div>\n\t\t<\/section>\n\t\t\t\t<section class=\"elementor-section elementor-top-section elementor-element elementor-element-fef8a5b elementor-section-boxed elementor-section-height-default elementor-section-height-default\" data-id=\"fef8a5b\" data-element_type=\"section\" data-e-type=\"section\">\n\t\t\t\t\t\t<div class=\"elementor-container elementor-column-gap-default\">\n\t\t\t\t\t<div class=\"elementor-column elementor-col-100 elementor-top-column elementor-element elementor-element-5fae100\" data-id=\"5fae100\" data-element_type=\"column\" data-e-type=\"column\">\n\t\t\t<div class=\"elementor-widget-wrap elementor-element-populated\">\n\t\t\t\t\t\t<div class=\"elementor-element elementor-element-4b1c5b6 elementor-widget-divider--view-line elementor-widget elementor-widget-divider\" data-id=\"4b1c5b6\" data-element_type=\"widget\" data-e-type=\"widget\" data-widget_type=\"divider.default\">\n\t\t\t\t<div class=\"elementor-widget-container\">\n\t\t\t\t\t\t\t<div class=\"elementor-divider\">\n\t\t\t<span class=\"elementor-divider-separator\">\n\t\t\t\t\t\t<\/span>\n\t\t<\/div>\n\t\t\t\t\t\t<\/div>\n\t\t\t\t<\/div>\n\t\t\t\t<div class=\"elementor-element elementor-element-67156cc elementor-widget elementor-widget-heading\" data-id=\"67156cc\" data-element_type=\"widget\" data-e-type=\"widget\" data-widget_type=\"heading.default\">\n\t\t\t\t<div class=\"elementor-widget-container\">\n\t\t\t\t\t<h2 class=\"elementor-heading-title elementor-size-default\">D\u00e9finition de l\u2019Agence nationale de lutte contre l\u2019illettrisme (ANLCI) \u2013 2003<\/h2>\t\t\t\t<\/div>\n\t\t\t\t<\/div>\n\t\t\t\t<div class=\"elementor-element elementor-element-1999215 elementor-widget elementor-widget-text-editor\" data-id=\"1999215\" data-element_type=\"widget\" data-e-type=\"widget\" data-widget_type=\"text-editor.default\">\n\t\t\t\t<div class=\"elementor-widget-container\">\n\t\t\t\t\t\t\t\t\t<p>\u00ab<em>\u00a0L\u2019illettrisme qualifie la situation de personnes de plus de 16 ans qui, bien qu\u2019ayant -\u00e9t\u00e9 scolaris\u00e9es (en langue fran\u00e7aise, ndlr), ne parviennent pas \u00e0 lire et comprendre un texte portant sur des situations de leur vie quotidienne, et\/ou ne parviennent pas \u00e0 \u00e9crire pour transmettre des informations simples.<\/em>\u00a0<em>Pour certaines personnes, ces difficult\u00e9s en lecture et \u00e9criture peuvent se combiner, \u00e0 des degr\u00e9s divers, avec une insuffisante ma\u00eetrise d\u2019autres comp\u00e9tences de base comme la communication orale, le raisonnement logique, la compr\u00e9hension et l\u2019utilisation des nombres et des op\u00e9rations, la prise de rep\u00e8res dans l\u2019espace et dans le temps, etc.<\/em>\u00a0<em>Malgr\u00e9 ces d\u00e9ficits, les personnes en situation d\u2019illettrisme ont acquis de l\u2019exp\u00e9rience, une culture et un capital de comp\u00e9tences en ne s\u2019appuyant pas ou peu sur la capacit\u00e9 \u00e0 lire ou \u00e0 \u00e9crire. Certaines ont pu ainsi s\u2019int\u00e9grer \u00e0 la vie sociale et professionnelle, mais l\u2019\u00e9quilibre est fragile, et le risque de marginalisation permanent. D\u2019autres se trouvent dans des situations d\u2019exclusion o\u00f9 l\u2019illettrisme se conjugue avec d\u2019autres facteurs.\u00a0<\/em>\u00bb<\/p>\n<p><!-- \/wp:paragraph --><!-- wp:paragraph --><\/p>\n<p><!-- \/wp:paragraph --><!-- wp:paragraph --><\/p>\t\t\t\t\t\t\t\t<\/div>\n\t\t\t\t<\/div>\n\t\t\t\t<div class=\"elementor-element elementor-element-de20464 elementor-widget elementor-widget-text-editor\" data-id=\"de20464\" data-element_type=\"widget\" data-e-type=\"widget\" data-widget_type=\"text-editor.default\">\n\t\t\t\t<div class=\"elementor-widget-container\">\n\t\t\t\t\t\t\t\t\t<p><em><strong>La lutte contre l&rsquo;illettrisme ne doit \u00eatre confondue ni avec la politique linguistique des migrants, ni avec la remise \u00e0 niveau\u00a0:<\/strong><\/em><\/p>\t\t\t\t\t\t\t\t<\/div>\n\t\t\t\t<\/div>\n\t\t\t\t<div class=\"elementor-element elementor-element-a441122 elementor-widget elementor-widget-text-editor\" data-id=\"a441122\" data-element_type=\"widget\" data-e-type=\"widget\" data-widget_type=\"text-editor.default\">\n\t\t\t\t<div class=\"elementor-widget-container\">\n\t\t\t\t\t\t\t\t\t<p><strong><em>On parle d\u2019illettrisme<\/em>\u00a0<\/strong>pour un adulte qui a \u00e9t\u00e9 scolaris\u00e9 en langue fran\u00e7aise et qui doit r\u00e9apprendre, renouer avec les comp\u00e9tences de base n\u00e9cessaires au quotidien.<\/p>\n<p><!-- \/wp:paragraph --><!-- wp:paragraph --><\/p>\n<p><strong><em>On parle d\u2019analphab\u00e9tisme<\/em>\u00a0<\/strong>pour un adulte qui n\u2019a jamais \u00e9t\u00e9 scolaris\u00e9 dans quelque langue que ce soit, ni en France ni dans son pays d&rsquo;origine, et qui ne conna\u00eet donc le code \u00e9crit d&rsquo;aucune langue. Il s\u2019agit pour cet adulte d\u2019apprendre pour la 1<sup>\u00e8re<\/sup>\u00a0fois \u00e0 lire et \u00e0 \u00e9crire une langue, le fran\u00e7ais.<\/p>\n<p><!-- \/wp:paragraph --><!-- wp:paragraph --><\/p>\n<p><strong><em>On parle de Fran\u00e7ais Langue Etrang\u00e8re (F.L.E)<\/em>\u00a0<\/strong>pour un adulte \u00e9tranger ou d&rsquo;origine \u00e9trang\u00e8re qui a \u00e9t\u00e9 scolaris\u00e9 dans une langue autre que le fran\u00e7ais avant son arriv\u00e9e en France et qui doit apprendre la langue fran\u00e7aise pour vivre en France et s\u2019y ins\u00e9rer.<\/p>\n<p><!-- \/wp:paragraph --><!-- wp:paragraph --><\/p>\n<p><strong><em>On parle de remise \u00e0 niveau (RAN)<\/em><\/strong>\u00a0pour un adulte ayant \u00e9t\u00e9 scolaris\u00e9 en fran\u00e7ais qui ma\u00eetrise globalement les comp\u00e9tences de base, mais qui a besoin de consolider ses acquis, d\u2019approfondir ses connaissances ou simplement de se rappeler certains points acquis dans un but pr\u00e9cis (par exemple, \u00e9laborer un projet professionnel, passer un concours de niveau V\u2026).<\/p>\t\t\t\t\t\t\t\t<\/div>\n\t\t\t\t<\/div>\n\t\t\t\t\t<\/div>\n\t\t<\/div>\n\t\t\t\t\t<\/div>\n\t\t<\/section>\n\t\t\t\t<section class=\"elementor-section elementor-top-section elementor-element elementor-element-31a181d elementor-section-boxed elementor-section-height-default elementor-section-height-default\" data-id=\"31a181d\" data-element_type=\"section\" data-e-type=\"section\">\n\t\t\t\t\t\t<div class=\"elementor-container elementor-column-gap-default\">\n\t\t\t\t\t<div class=\"elementor-column elementor-col-100 elementor-top-column elementor-element elementor-element-5173221\" data-id=\"5173221\" data-element_type=\"column\" data-e-type=\"column\">\n\t\t\t<div class=\"elementor-widget-wrap elementor-element-populated\">\n\t\t\t\t\t\t<div class=\"elementor-element elementor-element-1be2ef6 elementor-widget-divider--view-line elementor-widget elementor-widget-divider\" data-id=\"1be2ef6\" data-element_type=\"widget\" data-e-type=\"widget\" data-widget_type=\"divider.default\">\n\t\t\t\t<div class=\"elementor-widget-container\">\n\t\t\t\t\t\t\t<div class=\"elementor-divider\">\n\t\t\t<span class=\"elementor-divider-separator\">\n\t\t\t\t\t\t<\/span>\n\t\t<\/div>\n\t\t\t\t\t\t<\/div>\n\t\t\t\t<\/div>\n\t\t\t\t<div class=\"elementor-element elementor-element-b69232a elementor-widget elementor-widget-heading\" data-id=\"b69232a\" data-element_type=\"widget\" data-e-type=\"widget\" data-widget_type=\"heading.default\">\n\t\t\t\t<div class=\"elementor-widget-container\">\n\t\t\t\t\t<h2 class=\"elementor-heading-title elementor-size-default\">Les chiffr\u00e9s cl\u00e9s<\/h2>\t\t\t\t<\/div>\n\t\t\t\t<\/div>\n\t\t\t\t<div class=\"elementor-element elementor-element-13682ff elementor-widget elementor-widget-text-editor\" data-id=\"13682ff\" data-element_type=\"widget\" data-e-type=\"widget\" data-widget_type=\"text-editor.default\">\n\t\t\t\t<div class=\"elementor-widget-container\">\n\t\t\t\t\t\t\t\t\t<p>Les personnes confront\u00e9es \u00e0 l&rsquo;illettrisme font tout pour cacher leurs difficult\u00e9s, mettre en place des strat\u00e9gies de contournement face \u00e0 l&rsquo;\u00e9crit et passer inaper\u00e7ues. Cependant, l&rsquo;illettrisme n&rsquo;est pas un ph\u00e9nom\u00e8ne marginal en France.<\/p>\n<p><!-- \/wp:paragraph --><!-- wp:paragraph --><\/p>\n<p><strong>7 % de la population adulte \u00e2g\u00e9e de 18 \u00e0 65 ans ayant \u00e9t\u00e9 scolaris\u00e9e en langue fran\u00e7aise est en situation d\u2019illettrisme, soit 2 500 000 personnes.<\/strong>&nbsp;<strong>Plus de la moiti\u00e9 exerce une activit\u00e9 professionnelle.<\/strong><strong>&nbsp;Elles occupent g\u00e9n\u00e9ralement des emplois pr\u00e9caires et peu r\u00e9mun\u00e9r\u00e9s. La plupart ont plus de 45 ans et vivent dans les zones rurales.<\/strong><\/p>\n<p><!-- \/wp:paragraph --><!-- wp:paragraph --><\/p>\n<p><b>En Lorraine<\/b>, le taux d&rsquo;illettrisme est estim\u00e9 \u00e0 10%, soit 3 points de plus que la moyenne nationale. Autrement dit, on consid\u00e8re que&nbsp;<strong>pr\u00e8s d\u2019un Lorrain sur dix est en situation d&rsquo;illettrisme<\/strong>.<\/p>\t\t\t\t\t\t\t\t<\/div>\n\t\t\t\t<\/div>\n\t\t\t\t<div class=\"elementor-element elementor-element-2163e33 elementor-invisible elementor-widget elementor-widget-image\" data-id=\"2163e33\" data-element_type=\"widget\" data-e-type=\"widget\" data-settings=\"{&quot;_animation&quot;:&quot;bounce&quot;}\" data-widget_type=\"image.default\">\n\t\t\t\t<div class=\"elementor-widget-container\">\n\t\t\t\t\t\t\t\t\t\t\t\t\t\t\t<img fetchpriority=\"high\" decoding=\"async\" width=\"737\" height=\"1024\" src=\"https:\/\/cril54.fr\/wp-content\/uploads\/2020\/09\/Infographie-illettrisme-2-737x1024-1.jpg\" class=\"attachment-large size-large wp-image-2842\" alt=\"\" srcset=\"https:\/\/cril54.fr\/wp-content\/uploads\/2020\/09\/Infographie-illettrisme-2-737x1024-1.jpg 737w, https:\/\/cril54.fr\/wp-content\/uploads\/2020\/09\/Infographie-illettrisme-2-737x1024-1-216x300.jpg 216w\" sizes=\"(max-width: 737px) 100vw, 737px\" \/>\t\t\t\t\t\t\t\t\t\t\t\t\t\t\t<\/div>\n\t\t\t\t<\/div>\n\t\t\t\t\t<\/div>\n\t\t<\/div>\n\t\t\t\t\t<\/div>\n\t\t<\/section>\n\t\t\t\t<section class=\"elementor-section elementor-top-section elementor-element elementor-element-1fb33f9 elementor-section-boxed elementor-section-height-default elementor-section-height-default\" data-id=\"1fb33f9\" data-element_type=\"section\" data-e-type=\"section\">\n\t\t\t\t\t\t<div class=\"elementor-container elementor-column-gap-default\">\n\t\t\t\t\t<div class=\"elementor-column elementor-col-100 elementor-top-column elementor-element elementor-element-831aff5\" data-id=\"831aff5\" data-element_type=\"column\" data-e-type=\"column\">\n\t\t\t<div class=\"elementor-widget-wrap elementor-element-populated\">\n\t\t\t\t\t\t<div class=\"elementor-element elementor-element-bee3316 elementor-widget-divider--view-line elementor-widget elementor-widget-divider\" data-id=\"bee3316\" data-element_type=\"widget\" data-e-type=\"widget\" data-widget_type=\"divider.default\">\n\t\t\t\t<div class=\"elementor-widget-container\">\n\t\t\t\t\t\t\t<div class=\"elementor-divider\">\n\t\t\t<span class=\"elementor-divider-separator\">\n\t\t\t\t\t\t<\/span>\n\t\t<\/div>\n\t\t\t\t\t\t<\/div>\n\t\t\t\t<\/div>\n\t\t\t\t<div class=\"elementor-element elementor-element-f6ad257 elementor-widget elementor-widget-heading\" data-id=\"f6ad257\" data-element_type=\"widget\" data-e-type=\"widget\" data-widget_type=\"heading.default\">\n\t\t\t\t<div class=\"elementor-widget-container\">\n\t\t\t\t\t<h2 class=\"elementor-heading-title elementor-size-default\">Comment identifier le public en situation d'illettrisme ?<\/h2>\t\t\t\t<\/div>\n\t\t\t\t<\/div>\n\t\t\t\t<div class=\"elementor-element elementor-element-2b3c327 elementor-widget elementor-widget-text-editor\" data-id=\"2b3c327\" data-element_type=\"widget\" data-e-type=\"widget\" data-widget_type=\"text-editor.default\">\n\t\t\t\t<div class=\"elementor-widget-container\">\n\t\t\t\t\t\t\t\t\t<p><strong>Rep\u00e9rer, c&rsquo;est d&rsquo;abord observer et relever un faisceau d&rsquo;indices pertinents qui vous permettront de poser un diagnostic fiable.<\/strong>\u00a0\u00a0La confrontation de la personne \u00e0 l&rsquo;\u00e9crit &#8211; sur place et devant vous &#8211; sera l&rsquo;\u00e9l\u00e9ment d\u00e9terminant : c&rsquo;est la condition\u00a0<em>sine qua non\u00a0<\/em>d&rsquo;un rep\u00e9rage r\u00e9ussi.\u00a0<strong>N\u2019h\u00e9sitez donc pas \u00e0 demander \u00e0 la personne d\u2019\u00e9crire quelques mots devant vous, sous un pr\u00e9texte quelconque\u00a0<\/strong>: une simple signature, la prise en note d\u2019un num\u00e9ro de t\u00e9l\u00e9phone ou d\u2019une adresse peuvent suffire\u2026<br \/><strong>La grille \u00ab\u00a0indices r\u00e9v\u00e9lateurs d&rsquo;une situation d&rsquo;illettrisme\u00a0\u00bb<\/strong>\u00a0est un m\u00e9mento :\u00a0<strong>au fil des entretiens<\/strong>\u00a0&#8211;\u00a0<em>a priori\u00a0<\/em>motiv\u00e9s par tout autre chose (probl\u00e8me d&#8217;emploi, de logement, de sant\u00e9&#8230;) -,\u00a0<strong>vous y cocherez les items correspondant aux indices observ\u00e9s.<\/strong><\/p>\t\t\t\t\t\t\t\t<\/div>\n\t\t\t\t<\/div>\n\t\t\t\t\t<\/div>\n\t\t<\/div>\n\t\t\t\t\t<\/div>\n\t\t<\/section>\n\t\t\t\t<section class=\"elementor-section elementor-top-section elementor-element elementor-element-effe424 elementor-section-boxed elementor-section-height-default elementor-section-height-default\" data-id=\"effe424\" data-element_type=\"section\" data-e-type=\"section\">\n\t\t\t\t\t\t<div class=\"elementor-container elementor-column-gap-default\">\n\t\t\t\t\t<div class=\"elementor-column elementor-col-100 elementor-top-column elementor-element elementor-element-3da949f\" data-id=\"3da949f\" data-element_type=\"column\" data-e-type=\"column\">\n\t\t\t<div class=\"elementor-widget-wrap elementor-element-populated\">\n\t\t\t\t\t\t<div class=\"elementor-element elementor-element-6fcfd60 elementor-widget-divider--view-line elementor-widget elementor-widget-divider\" data-id=\"6fcfd60\" data-element_type=\"widget\" data-e-type=\"widget\" data-widget_type=\"divider.default\">\n\t\t\t\t<div class=\"elementor-widget-container\">\n\t\t\t\t\t\t\t<div class=\"elementor-divider\">\n\t\t\t<span class=\"elementor-divider-separator\">\n\t\t\t\t\t\t<\/span>\n\t\t<\/div>\n\t\t\t\t\t\t<\/div>\n\t\t\t\t<\/div>\n\t\t\t\t<div class=\"elementor-element elementor-element-0178d30 elementor-widget elementor-widget-heading\" data-id=\"0178d30\" data-element_type=\"widget\" data-e-type=\"widget\" data-widget_type=\"heading.default\">\n\t\t\t\t<div class=\"elementor-widget-container\">\n\t\t\t\t\t<h2 class=\"elementor-heading-title elementor-size-default\">Formation<\/h2>\t\t\t\t<\/div>\n\t\t\t\t<\/div>\n\t\t\t\t<div class=\"elementor-element elementor-element-7b9b49e elementor-widget elementor-widget-text-editor\" data-id=\"7b9b49e\" data-element_type=\"widget\" data-e-type=\"widget\" data-widget_type=\"text-editor.default\">\n\t\t\t\t<div class=\"elementor-widget-container\">\n\t\t\t\t\t\t\t\t\t<p><strong>Une fois la situation d\u2019illettrisme identifi\u00e9e, vous ne devez pas h\u00e9siter \u00e0 aborder la question\u00a0avec la personne.<\/strong>\u00a0Mais comment en parler avec la personne concern\u00e9e et engager avec celle-ci une d\u00e9marche d\u2019accompagnement vers le r\u00e9apprentissage des savoirs fondamentaux\u00a0? Car\u00a0<strong>proposer une formation de base, c\u2019est orienter la personne vers la r\u00e9ponse la plus adapt\u00e9e \u00e0 ses besoins et \u00e0 son profil, mais aussi l\u2019accompagner dans son parcours de formation professionnelle ou de recherche d\u2019emploi.<\/strong><\/p>\n<p><br \/><strong>De votre part, cela implique tout d\u2019abord d\u2019\u00eatre convaincu de l\u2019int\u00e9r\u00eat de cette formation pour la personne,\u00a0puis d\u2019oser \u00e9voquer la question avec elle. Une attitude bienveillante peut suffire \u00e0 initier et encourager le dialogue.<\/strong>\u00a0Ainsi, apr\u00e8s avoir sollicit\u00e9 la personne pour qu\u2019elle \u00e9crive quelques mots, il est parfois possible d\u2019aborder la question de fa\u00e7on directe et simple en ces termes \u00ab\u00a0C\u2019est difficile pour vous de\u2026\u00a0\u00bb ou \u00ab\u00a0Vous n\u2019avez peut-\u00eatre pas l\u2019habitude de\u2026\u00a0\u00bb.<\/p>\t\t\t\t\t\t\t\t<\/div>\n\t\t\t\t<\/div>\n\t\t\t\t<div class=\"elementor-element elementor-element-ea790b3 elementor-widget elementor-widget-spacer\" data-id=\"ea790b3\" data-element_type=\"widget\" data-e-type=\"widget\" data-widget_type=\"spacer.default\">\n\t\t\t\t<div class=\"elementor-widget-container\">\n\t\t\t\t\t\t\t<div class=\"elementor-spacer\">\n\t\t\t<div class=\"elementor-spacer-inner\"><\/div>\n\t\t<\/div>\n\t\t\t\t\t\t<\/div>\n\t\t\t\t<\/div>\n\t\t\t\t<div class=\"elementor-element elementor-element-9b45d75 elementor-align-center elementor-invisible elementor-widget elementor-widget-button\" data-id=\"9b45d75\" data-element_type=\"widget\" data-e-type=\"widget\" data-settings=\"{&quot;_animation&quot;:&quot;bounce&quot;}\" data-widget_type=\"button.default\">\n\t\t\t\t<div class=\"elementor-widget-container\">\n\t\t\t\t\t\t\t\t\t<div class=\"elementor-button-wrapper\">\n\t\t\t\t\t<a class=\"elementor-button elementor-button-link elementor-size-md\" href=\"https:\/\/cril54.fr\/?page_id=260\">\n\t\t\t\t\t\t<span class=\"elementor-button-content-wrapper\">\n\t\t\t\t\t\t\t\t\t<span class=\"elementor-button-text\">Vous souhaitez plus d'informations concernant l'illettrisme, contactez-nous !<\/span>\n\t\t\t\t\t<\/span>\n\t\t\t\t\t<\/a>\n\t\t\t\t<\/div>\n\t\t\t\t\t\t\t\t<\/div>\n\t\t\t\t<\/div>\n\t\t\t\t\t<\/div>\n\t\t<\/div>\n\t\t\t\t\t<\/div>\n\t\t<\/section>\n\t\t\t\t<\/div>\n\t\t","protected":false},"excerpt":{"rendered":"<p>D\u00e9finition : \u00eatre en situation d&rsquo;illettrisme C\u2019est ne pas disposer, malgr\u00e9 une scolarisation en langue fran\u00e7aise, des comp\u00e9tences de base (lecture, \u00e9criture, calcul\u2026) suffisantes pour faire face de mani\u00e8re autonome \u00e0 des situations de la vie courante comme : se d\u00e9placer ou circuler, faire ses courses, compl\u00e9ter un formulaire d&rsquo;identit\u00e9, lire une notice de m\u00e9dicament,&hellip;<\/p>\n","protected":false},"author":7,"featured_media":0,"parent":0,"menu_order":2,"comment_status":"closed","ping_status":"closed","template":"","meta":{"footnotes":""},"class_list":["post-1207","page","type-page","status-publish","hentry"],"_links":{"self":[{"href":"https:\/\/cril54.fr\/index.php?rest_route=\/wp\/v2\/pages\/1207","targetHints":{"allow":["GET"]}}],"collection":[{"href":"https:\/\/cril54.fr\/index.php?rest_route=\/wp\/v2\/pages"}],"about":[{"href":"https:\/\/cril54.fr\/index.php?rest_route=\/wp\/v2\/types\/page"}],"author":[{"embeddable":true,"href":"https:\/\/cril54.fr\/index.php?rest_route=\/wp\/v2\/users\/7"}],"replies":[{"embeddable":true,"href":"https:\/\/cril54.fr\/index.php?rest_route=%2Fwp%2Fv2%2Fcomments&post=1207"}],"version-history":[{"count":3,"href":"https:\/\/cril54.fr\/index.php?rest_route=\/wp\/v2\/pages\/1207\/revisions"}],"predecessor-version":[{"id":4369,"href":"https:\/\/cril54.fr\/index.php?rest_route=\/wp\/v2\/pages\/1207\/revisions\/4369"}],"wp:attachment":[{"href":"https:\/\/cril54.fr\/index.php?rest_route=%2Fwp%2Fv2%2Fmedia&parent=1207"}],"curies":[{"name":"wp","href":"https:\/\/api.w.org\/{rel}","templated":true}]}}